{"id":338,"date":"2023-08-28T18:09:36","date_gmt":"2023-08-28T18:09:36","guid":{"rendered":"https:\/\/stranapoesia.com\/2020\/?post_type=product&#038;p=338"},"modified":"2023-08-28T19:06:02","modified_gmt":"2023-08-28T19:06:02","slug":"la-desconocida-y-otros-poemas-seleccion-de-poesia-y-prosa-de-aleksandr-blok","status":"publish","type":"product","link":"https:\/\/stranapoesia.com\/2020\/producto\/la-desconocida-y-otros-poemas-seleccion-de-poesia-y-prosa-de-aleksandr-blok\/","title":{"rendered":"La desconocida y otros poemas. Selecci\u00f3n de poes\u00eda y prosa de Aleksandr Blok"},"content":{"rendered":"<h2 style=\"text-align: center;\"><strong><span style=\"color: #ff0000;\">(AGOTADO)<\/span><\/strong><\/h2>\n<h1 style=\"text-align: center;\"><a href=\"https:\/\/a.co\/d\/7m8ZDlU\"><span style=\"color: #333333;\">E-BOOK DISPONIBLE EN<\/span> <span style=\"color: #ff9900;\"><strong>AMAZON<\/strong>\u00a0<\/span><\/a><\/h1>\n<div><\/div>\n<div><a href=\"https:\/\/a.co\/d\/7m8ZDlU\"><img loading=\"lazy\" decoding=\"async\" class=\"size-medium wp-image-348 aligncenter\" src=\"https:\/\/stranapoesia.com\/2020\/wp-content\/uploads\/2023\/08\/BLOK__IGNAT-CARVAJ-EBOOK-AMAZON-210x300.jpg\" alt=\"\" width=\"210\" height=\"300\" srcset=\"https:\/\/stranapoesia.com\/2020\/wp-content\/uploads\/2023\/08\/BLOK__IGNAT-CARVAJ-EBOOK-AMAZON-210x300.jpg 210w, https:\/\/stranapoesia.com\/2020\/wp-content\/uploads\/2023\/08\/BLOK__IGNAT-CARVAJ-EBOOK-AMAZON-717x1024.jpg 717w, https:\/\/stranapoesia.com\/2020\/wp-content\/uploads\/2023\/08\/BLOK__IGNAT-CARVAJ-EBOOK-AMAZON-768x1097.jpg 768w, https:\/\/stranapoesia.com\/2020\/wp-content\/uploads\/2023\/08\/BLOK__IGNAT-CARVAJ-EBOOK-AMAZON-1075x1536.jpg 1075w, https:\/\/stranapoesia.com\/2020\/wp-content\/uploads\/2023\/08\/BLOK__IGNAT-CARVAJ-EBOOK-AMAZON-720x1029.jpg 720w, https:\/\/stranapoesia.com\/2020\/wp-content\/uploads\/2023\/08\/BLOK__IGNAT-CARVAJ-EBOOK-AMAZON-500x714.jpg 500w, https:\/\/stranapoesia.com\/2020\/wp-content\/uploads\/2023\/08\/BLOK__IGNAT-CARVAJ-EBOOK-AMAZON.jpg 1344w\" sizes=\"auto, (max-width: 210px) 100vw, 210px\" \/><\/a><\/div>\n<div><\/div>\n<div style=\"text-align: center;\"><a href=\"https:\/\/a.co\/d\/7m8ZDlU\"><strong>Versi\u00f3n Kindle<\/strong><\/a><\/div>\n<div><\/div>\n<div><\/div>\n<div><\/div>\n<div><\/div>\n<div><\/div>\n<div class=\"leadContenido col-sm-12\"><span class=\"leadContenido_texto\">El libro <em>La desconocida y otros poemas<\/em> es un trabajo conjunto de traducci\u00f3n de Ekaterina Ignatova y el poeta Iv\u00e1n Carvajal Aguirre.<\/span><\/div>\n<div class=\"textoContenido col-sm-12\">\n<p><em>La desconocida y otros poemas<\/em> es un libro de traducciones de la obra del poeta ruso Alexander Blok. El libro est\u00e1 compuesto por un pr\u00f3logo, poemas traducidos del ruso y algunos textos en prosa, seleccionados de entre la amplia producci\u00f3n literaria de Blok. La traducci\u00f3n de los textos y el concepto del libro son de Ekaterina Ignatova, Mag\u00edster en Filolog\u00eda, catedr\u00e1tica universitaria y traductora oficial de varios idiomas, entre ellos el ruso. En la traducci\u00f3n de los poemas particip\u00f3 el destacado poeta ecuatoriano Iv\u00e1n Carvajal, doctor en Filosof\u00eda, autor de varios poemarios y ensayos sobre literatura y cultura.<\/p>\n<\/div>\n<p>&nbsp;<\/p>\n<p><img loading=\"lazy\" decoding=\"async\" class=\"alignnone size-medium wp-image-66 aligncenter\" src=\"https:\/\/stranapoesia.com\/2020\/wp-content\/uploads\/2020\/01\/95ac17_portadablok2009stranaorogenia-213x300.png\" alt=\"\" width=\"213\" height=\"300\" srcset=\"https:\/\/stranapoesia.com\/2020\/wp-content\/uploads\/2020\/01\/95ac17_portadablok2009stranaorogenia-213x300.png 213w, https:\/\/stranapoesia.com\/2020\/wp-content\/uploads\/2020\/01\/95ac17_portadablok2009stranaorogenia-500x703.png 500w, https:\/\/stranapoesia.com\/2020\/wp-content\/uploads\/2020\/01\/95ac17_portadablok2009stranaorogenia.png 600w\" sizes=\"auto, (max-width: 213px) 100vw, 213px\" \/><\/p>\n<p style=\"text-align: center;\"><a href=\"https:\/\/stranapoesia.com\/upload\/files\/muestra-la-desconocida-blok-enero-2018.pdf\"><strong><em>La desconocida<\/em>\u00a0y otros poemas<br \/>\n[Descargar un extracto del libro en PDF]<\/strong><\/a><\/p>\n<p>&nbsp;<\/p>\n","protected":false},"excerpt":{"rendered":"<p><strong>Sobre la autora<\/strong><\/p>\n<p>Ekaterina Ignatova (Mosc\u00fa, 1948) asisti\u00f3 a la Universidad Jaguel\u00f3nica de Cracovia, donde obtuvo sus t\u00edtulos de licenciatura y maestr\u00eda en Filolog\u00eda. Trabaj\u00f3 como catedr\u00e1tica universitaria en Ecuador por treinta a\u00f1os. Se especializ\u00f3 en la ense\u00f1anza de literatura y lenguas rusa y francesa.<\/p>\n<p>&nbsp;<\/p>\n<p><strong>Publicaciones de la autora<\/strong><\/p>\n<ul>\n<li>Marco hist\u00f3rico de la literatura rusa del siglo XIX.<\/li>\n<\/ul>\n<ul>\n<li><em>La desconocida<\/em>\u00a0<em>y otros poemas<\/em> de Aleksandr Blok, en colaboraci\u00f3n con Iv\u00e1n Carvajal.<\/li>\n<\/ul>\n<ul>\n<li><em>En mi Mosc\u00fa y otros poemas<\/em>. Selecci\u00f3n de poes\u00eda de Marina Tsvet\u00e1yeva.<\/li>\n<\/ul>\n<ul>\n<li><em>Olas y otros poemas<\/em>. Selecci\u00f3n de poes\u00eda de Boris Pasternak.<\/li>\n<\/ul>\n","protected":false},"featured_media":66,"template":"","meta":[],"product_brand":[],"product_cat":[18],"product_tag":[],"class_list":{"0":"post-338","1":"product","2":"type-product","3":"status-publish","4":"has-post-thumbnail","6":"product_cat-traduccion-ruso-espanol","8":"first","9":"outofstock","10":"taxable","11":"shipping-taxable","12":"purchasable","13":"product-type-simple"},"jetpack_sharing_enabled":true,"_links":{"self":[{"href":"https:\/\/stranapoesia.com\/2020\/wp-json\/wp\/v2\/product\/338","targetHints":{"allow":["GET"]}}],"collection":[{"href":"https:\/\/stranapoesia.com\/2020\/wp-json\/wp\/v2\/product"}],"about":[{"href":"https:\/\/stranapoesia.com\/2020\/wp-json\/wp\/v2\/types\/product"}],"wp:featuredmedia":[{"embeddable":true,"href":"https:\/\/stranapoesia.com\/2020\/wp-json\/wp\/v2\/media\/66"}],"wp:attachment":[{"href":"https:\/\/stranapoesia.com\/2020\/wp-json\/wp\/v2\/media?parent=338"}],"wp:term":[{"taxonomy":"product_brand","embeddable":true,"href":"https:\/\/stranapoesia.com\/2020\/wp-json\/wp\/v2\/product_brand?post=338"},{"taxonomy":"product_cat","embeddable":true,"href":"https:\/\/stranapoesia.com\/2020\/wp-json\/wp\/v2\/product_cat?post=338"},{"taxonomy":"product_tag","embeddable":true,"href":"https:\/\/stranapoesia.com\/2020\/wp-json\/wp\/v2\/product_tag?post=338"}],"curies":[{"name":"wp","href":"https:\/\/api.w.org\/{rel}","templated":true}]}}